se 9, what is 702 - -5?
707
In base 14, what is -5 - 8?
-d
In base 13, what is 1 + 768?
769
In base 15, what is 3 + 313?
316
In base 5, what is -10 + -42?
-102
In base 14, what is -32 + -2?
-34
In base 10, what is -2078 + 11?
-2067
In base 4, what is 120 - 2303?
-2123
In base 2, what is -100 - -110101101?
110101001
In base 12, what is 3 - 4?
-1
In base 9, what is -343 + -3?
-346
In base 10, what is 1 + -2373?
-2372
In base 12, what is -11 + -19?
-2a
In base 6, what is -14 - -4003?
3545
In base 3, what is 2 - 101001?
-100222
In base 9, what is 46 + 0?
46
In base 2, what is 11 + 110100?
110111
In base 9, what is -1 - 43?
-44
In base 2, what is -10100100111 - -1?
-10100100110
In base 16, what is 1 - f?
-e
In base 16, what is -49 + -8?
-51
In base 11, what is -5 + 163?
159
In base 15, what is -d + -7c?
-8a
In base 10, what is -175 - 3?
-178
In base 14, what is 65dd - -1?
6600
In base 12, what is -3 - 52?
-55
In base 11, what is 17 + 297?
303
In base 12, what is 17 + 5?
20
In base 13, what is 0 + 44?
44
In base 13, what is -44c - 6?
-455
In base 14, what is -10a2 - 4?
-10a6
In base 3, what is 0 - 1000100?
-1000100
In base 5, what is 24 + 4?
33
In base 13, what is 5 + 13?
18
In base 16, what is -87 - -2?
-85
In base 10, what is -15 - -102?
87
In base 11, what is 3 + 6?
9
In base 11, what is -289 + 29?
-260
In base 13, what is -49 + -30?
-79
In base 16, what is 65b + 2?
65d
In base 9, what is -34 - -4?
-30
In base 6, what is -1231 - 3?
-1234
In base 4, what is -3 - -323133?
323130
In base 10, what is -374 - 3?
-377
In base 7, what is -3 - -2051?
2045
In base 5, what is 10 - 10023?
-10013
In base 4, what is -20311 - 13?
-20330
In base 4, what is 310202 + -3?
310133
In base 13, what is -c8a - -5?
-c85
In base 6, what is 32001 - -5?
32010
In base 11, what is 25 - 282?
-258
In base 6, what is -4045 - 11?
-4100
In base 11, what is -4 + 322?
319
In base 9, what is 4 + 2100?
2104
In base 12, what is 10 - 32?
-22
In base 10, what is -74 + -53?
-127
In base 11, what is 116 + -24?
a2
In base 7, what is -16 - 4?
-23
In base 2, what is -11011101 - 11000?
-11110101
In base 14, what is 24 + -3?
21
In base 15, what is 7 + -7a2?
-79a
In base 15, what is 6 + 34?
3a
In base 5, what is -1002 - -241?
-211
In base 11, what is -1036 + 0?
-1036
In base 15, what is -1 - 19a6?
-19a7
In base 9, what is 0 - -6073?
6073
In base 2, what is -1 + -10010111101010?
-10010111101011
In base 15, what is -4 + 8?
4
In base 2, what is -11000001100 + 101?
-11000000111
In base 8, what is -211 + 10?
-201
In base 15, what is -25 + -4c?
-72
In base 9, what is -2 + 114?
112
In base 4, what is -10 - 21321?
-21331
In base 12, what is -188 - 1?
-189
In base 15, what is -1b - 22?
-3d
In base 14, what is 26 - 3d?
-17
In base 7, what is 4 + 10?
14
In base 7, what is 26 - 12?
14
In base 8, what is 2 + -1530?
-1526
In base 15, what is -14 + -7?
-1b
In base 5, what is 144 + 3?
202
In base 6, what is 11 + -13?
-2
In base 5, what is -222 + -12?
-234
In base 12, what is -2 - -1281?
127b
In base 12, what is 43a + -5?
435
In base 6, what is 2 - 220?
-214
In base 12, what is 1 - 19?
-18
In base 13, what is -8 - -84?
79
In base 5, what is 130 + -41?
34
In base 11, what is 5 - 596?
-591
In base 11, what is -7 + 0?
-7
In base 12, what is 4 + -102?
-ba
In base 16, what is 1 + f?
10
In base 6, what is 3 + 143?
150
In base 10, what is 2259 + 0?
2259
In base 10, what is -53 + 3?
-50
In base 7, what is -11 - -2015?
2004
In base 9, what is -3 + -15?
-18
In base 6, what is 2244 + 5?
2253
In base 14, what is -5 - 11?
-16
In base 7, what is 10405 + 2?
10410
In base 2, what is 11 - -1001010?
1001101
In base 10, what is 3 + -1897?
-1894
In base 2, what is -1010010 - 110110?
-10001000
In base 8, what is -73 - 13?
-106
In base 6, what is -3251 - 0?
-3251
In base 16, what is -5 + -d?
-12
In base 9, what is -5 + -14?
-20
In base 3, what is 10001210 - 0?
10001210
In base 2, what is 10010111000000 + 0?
10010111000000
In base 12, what is -1 - -a5?
a4
In base 13, what is 307 + -5?
302
In base 3, what is -12 - 1222?
-2011
In base 6, what is -1 - 202?
-203
In base 6, what is 512 + -14?
454
In base 15, what is 2 - 19?
-17
In base 2, what is -1 + 1111?
1110
In base 10, what is 452 + -2?
450
In base 6, what is 3 - -3304?
3311
In base 15, what is 3 + 77?
7a
In base 11, what is -21 - -186?
165
In base 11, what is 139 - 2?
137
In base 9, what is -1005 - -4?
-1001
In base 15, what is -36 + -4?
-3a
In base 15, what is a + 41?
4b
In base 6, what is 452 - -3?
455
In base 16, what is 46 - -41?
87
In base 2, what is 1110000 - 1011001?
10111
In base 10, what is 259 - -2?
261
In base 12, what is 16 - b5?
-9b
In base 5, what is 10 + -10143?
-10133
In base 15, what is -1 - -bc?
bb
In base 6, what is 210 + -2?
204
In base 4, what is -20313 - 10?
-20323
In base 3, what is 111212202 - 10?
111212122
In base 8, what is 0 - 1244?
-1244
In base 5, what is 33 - -2340?
2423
In base 4, what is 213 - -322?
1201
In base 11, what is 124 + -5?
11a
In base 9, what is 72 + -6?
65
In base 9, what is 685 - 1?
684
In base 3, what is 1011110 + -11?
1011022
In base 11, what is -131 + 7?
-125
In base 16, what is 54f + 1?
550
In base 13, what is 94 + -5?
8c
In base 15, what is 195 + -3?
192
In base 11, what is -91 + 0?
-91
In base 5, what is 124 + -2?
122
In base 10, what is 664 - -3?
667
In base 12, what is -5 + -57?
-60
In base 9, what is -411 + 5?
-405
In base 13, what is 165 + -1?
164
In base 9, what is 4 + 3173?
3177
In base 12, what is -4a - -9?
-41
In base 14, what is 1b6 + 4?
1ba
In base 14, what is -9a - -9?
-91
In base 4, what is -21110 + -121?
-21231
In base 6, what is 31 - -10520?
10551
In base 3, what is 1222212 + -1?
1222211
In base 11, what is 5a + 32?
91
In base 3, what is 2112 - 1010?
1102
In base 9, what is 10 - 48?
-38
In base 13, what is 5b9 - -10?
5c9
In base 9, what is -14758 + -1?
-14760
In base 9, what is 862 - 12?
850
In base 4, what is -31 + -31?
-122
In base 3, what is 12 - 221?
-202
In base 9, what is 5 - 2700?
-2684
In base 8, what is 7 - -22?
31
In base 6, what is -105403 + -1?
-105404
In base 7, what is -24 + 10?
-14
In base 2, what is -1001 + 100101?
11100
In base 4, what is 111210 - -1?
111211
In base 7, what is -2 + 26512?
26510
In base 10, what is 2 + 3114?
3116
In base 10, what is -149 + 68?
-81
In base 8, what is -127 - -21?
-106
In base 9, what is 0 + -6265?
-6265
In base 15, what is -6 + -3e2?
-3e8
In base 8, what is 2215 + -21?
2174
In base 15, what is -2 + 86?
84
In base 6, what is -4 + 450?
442
In base 14, what is 3 + 919?
91c
In base 6, what is -3 - 2133?
-2140
In base 9, what is 545 - 4?
541
In base 6, what is -5 + -3005?
-3014
In base 5, what is 2 - 122?
-120
In base 7, what is 4 + -134?
-130
In base 3, what is 1000021 + 10?
1000101
In base 3, what is -1021 - 202?
-2000
In base 16, what is -201c - 0?
-201c
In base 12, what is -2a3 + -5?
-2a8
In base 9, what is -3 - 10735?
-10738
In base 12, what is 284 - 4?
280
In base 2, what is 11001 - -110100?
1001101
In base 13, what is 237 - 4?
233
In base 2, what is -100 - 1010?
-1110
In base 10, what is -1 - -787?
786
In base 8, what is -701 - 10?
-711
In base 8, what is -3 + 711?
706
In base 13, what is -1334 - -3?
-1331
In base 3, what is 2211 + -1012?
1122
In base 10, what is -190 - 6?
-196
In base 11, what is -4334 + 5?
-432a
In base 14, what is -a7 + -1?
-a8
In base 9, what is 5 + 4?
10
In base 12, what is 2 - 1a3?
-1a1
In base 7, what is -4 - 20?
-24
In base 16, what is -a60 - -4?
-a5c
In base 15, what is 1 + -2aa?
-2a9
In base 9, what is -10 + 12?
2
In base 15, what is -83 - 30?
-b3
In base 4, what is -2 - 100?
-102
In base 4, what is 210 - -33?
303
In base 8, what is -64 + -5?
-71
In base 8, what is 37 + 0?
37
In base 2, what is -10001110010 + -10?
-10001110100
In base 5, what is -11 + 24303?
24242
In base 3, what is 22020 + -11?
22002
In base 7, what is -10355 + 4?
-10351
In base 16, what is 4 + 26?
2a
In base 15, what is c - -14b?
158
In base 16, what is -1 - -4f?
4e
In base 7, what is -5 - 1535?
-1543
In base 8, what is -250 - 15?
-265
In base 12, what is 326 + 5?
32b
In base 15, what is 28cc - 3?
28c9
In base 16, what is 173 - 0?
173
In base 2, what is 1 + 100001011100?
100001011101
In base 4, what is 11030 + 1?
11031
In base 6, what is -1 - 2202?
-2203
In base 13, what